s 4187 a composite number?
True
Is 38705 a composite number?
True
Is 28439 composite?
False
Is 6185 prime?
False
Is 22303 composite?
False
Is 108622 a prime number?
False
Is 3084799 a prime number?
False
Is 847853 prime?
True
Is 3761 prime?
True
Is 580613 a prime number?
False
Is 33409 composite?
False
Is 69166 a prime number?
False
Is 19739 prime?
True
Is 42803 prime?
False
Is 5963 prime?
False
Is 2077 composite?
True
Is 167593 prime?
True
Is 10169 a prime number?
True
Is 67 composite?
False
Is 46199 a prime number?
True
Is 1657 composite?
False
Is 574239 prime?
False
Is 5519 a composite number?
False
Is 6353 a composite number?
False
Is 5461 a prime number?
False
Is 78671 composite?
True
Is 25057 a prime number?
True
Is 9533 prime?
True
Is 1301909 composite?
True
Is 1456311 prime?
False
Is 45727 a prime number?
False
Is 14489 a prime number?
True
Is 5923 prime?
True
Is 293087 composite?
False
Is 10495 composite?
True
Is 26869 prime?
False
Is 12439 composite?
True
Is 33923 composite?
False
Is 5147 a prime number?
True
Is 3635 prime?
False
Is 837043 prime?
True
Is 967403 composite?
True
Is 10055 prime?
False
Is 37331 a composite number?
True
Is 65211 a prime number?
False
Is 11963 a composite number?
True
Is 76411 composite?
True
Is 141429 a composite number?
True
Is 37423 prime?
True
Is 46117 a composite number?
True
Is 313301 composite?
False
Is 2628091 a composite number?
True
Is 1367 a composite number?
False
Is 1600973 a prime number?
False
Is 205 a prime number?
False
Is 360695 a prime number?
False
Is 86539 a composite number?
False
Is 14123 a prime number?
False
Is 7753 a composite number?
False
Is 14347 a prime number?
True
Is 102803 composite?
True
Is 4127 a composite number?
False
Is 28043 prime?
False
Is 9413 a composite number?
False
Is 7961 a prime number?
False
Is 344377 a composite number?
True
Is 5938 prime?
False
Is 921 prime?
False
Is 4148483 prime?
True
Is 3469313 composite?
False
Is 197141 a composite number?
True
Is 110221 a composite number?
False
Is 92437 composite?
True
Is 246889 a composite number?
False
Is 23003 prime?
True
Is 2926481 prime?
True
Is 259843 composite?
True
Is 342201 composite?
True
Is 1157759 composite?
False
Is 16801 prime?
False
Is 179155 composite?
True
Is 18803 a prime number?
True
Is 198013 composite?
False
Is 24117 composite?
True
Is 103289 prime?
True
Is 2023591 a composite number?
True
Is 44866 composite?
True
Is 30389 prime?
True
Is 122585 a prime number?
False
Is 374159 a prime number?
True
Is 153163 a prime number?
False
Is 118957 composite?
True
Is 27385 composite?
True
Is 2005 a composite number?
True
Is 284903 a prime number?
False
Is 51994 a prime number?
False
Is 7309 a prime number?
True
Is 16033 prime?
True
Is 18227 a prime number?
False
Is 31121 prime?
True
Is 582419 composite?
False
Is 963559 composite?
False
Is 161494 prime?
False
Is 3935 a prime number?
False
Is 66683 a composite number?
False
Is 622813 a composite number?
False
Is 402403 prime?
True
Is 24691 prime?
True
Is 427855 composite?
True
Is 125417 a composite number?
True
Is 491 composite?
False
Is 315519 a composite number?
True
Is 47707 a composite number?
True
Is 546823 a prime number?
False
Is 36187 a prime number?
True
Is 3607 composite?
False
Is 96847 a composite number?
False
Is 18641 composite?
True
Is 26083 a prime number?
True
Is 6639 composite?
True
Is 458899 a prime number?
False
Is 39583 prime?
False
Is 18881 prime?
False
Is 4183 a prime number?
False
Is 319 prime?
False
Is 1973 composite?
False
Is 2607737 prime?
False
Is 196133 composite?
True
Is 17971 composite?
False
Is 140243 a composite number?
True
Is 55433 a prime number?
False
Is 17691 prime?
False
Is 6805 composite?
True
Is 65477 composite?
True
Is 17581 prime?
True
Is 553 a composite number?
True
Is 1409 a prime number?
True
Is 46723 a prime number?
True
Is 60641 a prime number?
False
Is 25253 a composite number?
False
Is 6737 a prime number?
True
Is 17249 composite?
True
Is 1377601 a composite number?
False
Is 71017 prime?
False
Is 77137 a prime number?
True
Is 1103 a composite number?
False
Is 181681 prime?
False
Is 42986 composite?
True
Is 18743 composite?
False
Is 74071 prime?
True
Is 28513 a prime number?
True
Is 279817 prime?
True
Is 350941 a prime number?
True
Is 73351 a prime number?
True
Is 713 composite?
True
Is 303991 a composite number?
True
Is 369043 prime?
False
Is 340799 a composite number?
True
Is 320531 composite?
True
Is 17717 composite?
True
Is 7993 a composite number?
False
Is 360695 composite?
True
Is 400823 prime?
True
Is 75133 composite?
False
Is 1623 a composite number?
True
Is 2642257 a composite number?
False
Is 9521 a composite number?
False
Is 12899 a composite number?
False
Is 35767 composite?
True
Is 33911 prime?
True
Is 85997 composite?
True
Is 51277 composite?
True
Is 74215 a composite number?
True
Is 40789 a prime number?
False
Is 166369 composite?
True
Is 1292327 a composite number?
True
Is 5701 composite?
False
Is 536417 composite?
True
Is 1376497 prime?
True
Is 202 a composite number?
True
Is 7558 prime?
False
Is 176005 composite?
True
Is 10123 a prime number?
False
Is 21001 composite?
False
Is 295901 a prime number?
True
Is 2953 a composite number?
False
Is 8681 composite?
False
Is 40457 a composite number?
True
Is 21481 composite?
False
Is 91023 a composite number?
True
Is 25667 a composite number?
False
Is 2389 prime?
True
Is 1812259 composite?
True
Is 2111 a prime number?
True
Is 9939 composite?
True
Is 78457 composite?
True
Is 4321 prime?
False
Is 887743 prime?
True
Is 6037 a prime number?
True
Is 374378 a prime number?
False
Is 331349 prime?
True
Is 12889 a prime number?
True
Is 13829 a composite number?
False
Is 5261 composite?
False
Is 2279 a composite number?
True
Is 1058831 a prime number?
False
Is 90121 prime?
True
Is 67499 prime?
True
Is 2927 a composite number?
False
Is 177847 a prime number?
False
Is 10577 prime?
False
Is 36415 a composite number?
True
Is 2374729 prime?
False
Is 46973 a composite number?
True
Is 68246 a prime number?
False
Is 51169 a composite number?
False
Is 11113 a composite number?
False
Is 191503 prime?
False
Is 134105 prime?
False
Is 2579 a composite number?
False
Is 29902 a prime number?
False
Is 33431 composite?
True
Is 43427 prime?
True
Is 85061 composite?
False
Is 144537 composite?
True
Is 12611 prime?
True
Is 34669 a prime number?
False
Is 223 a composite number?
False
Is 3457 a prime number?
True
Is 2777 a composite number?
False
Is 679667 a composite number?
True
Is 777793 composite?
True
Is 1594753 composite?
True
Is 161099 a composite number?
True
Is 66137 composite?
False
Is 30289 composite?
True
Is 549527 composite?
True
Is 62897 a composite number?
False
Is 45817 prime?
True
Is 277345 prime?
False
Is 81739 composite?
True
Is 10513 a composite number?
False
Is 1271 composite?
True
Is 2521 a composite number?
False
Is 117269 composite?
False
Is 12853 composite?
False
Is 794711 a prime number?
True
Is 405785 a prime number?
False
Is 5623 composite?
False
Is 1191341 composite?
False
Is 7961 a composite number?
True
Is 21439 a prime number?
False
Is 70759 a prime number?
False
Is 425429 composite?
True
Is 179519 a prime number?
True
Is 2939 composite?
False
Is 71503 prime?
True
Is 44483 prime?
True
Is 264287 composite?
True
Is 2866519 composite?
False
Is 36433 prime?
True
Is 455509 composite?
True
Is 121229 a composite number?
False
Is 3343 prime?
True
Is 3989 prime?
True
Is 955847 a prime number?
False
Is 122861 a prime number?
True
Is 698078 a prime number?
False
Is 257399 composite?
False
Is 8203 a prime number?
False
Is 75251 prime?
False
Is 17126 a prime number?
False
Is 5221 composite?
True
Is 340547 a composite number?
True
Is 32995 a prime number?
False
Is 799973 composite?
True
Is 11587 a prime number?
True
Is 197767 composite?
False
Is 26171 prime?
True
Is 1513 composite?
True
Is 71849 a prime number?
True
Is 5533 prime?
False
Is 153905 prime?
False
Is 80293 a prime number?
False
Is 25667 composite?
False
Is 1261 composite?
True
Is 674545 a composite number?
True
Is 12494 a prime number?
False
Is 63809 a composite number?
False
Is 7465 a composite number?
True
Is 68342 prime?
False
Is 13954 a prime number?
False
Is 18923 a composite number?
True
Is 307 a 